{"id":7638,"date":"2025-11-13T09:18:00","date_gmt":"2025-11-13T06:18:00","guid":{"rendered":"https:\/\/karabukcicek.com\/index.php\/urun\/urun-2\/"},"modified":"2025-11-13T15:52:40","modified_gmt":"2025-11-13T12:52:40","slug":"urun-2","status":"publish","type":"product","link":"https:\/\/karabukcicek.com\/?product=urun-2","title":{"rendered":"Kalbim Ellerinde"},"content":{"rendered":"<p>Kalbim Ellerinde tasar\u0131m\u0131m\u0131z iste\u011fe g\u00f6re renk ve \u00e7i\u00e7ek de\u011fi\u015fimleri yap\u0131labiliyor ister yapay ister canl\u0131 \u00e7i\u00e7eklerimizle siz de\u011ferli m\u00fc\u015fterilerimizin hayallerine \u015fekil vermeye devam ediyoruz.<\/p>\n","protected":false},"excerpt":{"rendered":"<p>Kalbim Ellerinde tasar\u0131m\u0131m\u0131z iste\u011fe g\u00f6re renk ve \u00e7i\u00e7ek de\u011fi\u015fimleri yap\u0131labiliyor ister yapay ister canl\u0131 \u00e7i\u00e7eklerimizle siz de\u011ferli m\u00fc\u015fterilerimizin hayallerine \u015fekil vermeye devam ediyoruz.<\/p>\n","protected":false},"featured_media":7653,"comment_status":"open","ping_status":"closed","template":"","meta":[],"product_brand":[],"product_cat":[70,80,68,71,73,79,72,75],"product_tag":[],"class_list":{"0":"post-7638","1":"product","2":"type-product","3":"status-publish","4":"has-post-thumbnail","6":"product_cat-butik-tasarimlar","7":"product_cat-cicek","8":"product_cat-dogum-gunu","9":"product_cat-firsat-urunleri","10":"product_cat-guller","11":"product_cat-lilyum","12":"product_cat-ozur-dilerim","13":"product_cat-yeni-is-terfiye","15":"first","16":"instock","17":"taxable","18":"shipping-taxable","19":"purchasable","20":"product-type-simple"},"_links":{"self":[{"href":"https:\/\/karabukcicek.com\/index.php?rest_route=\/wp\/v2\/product\/7638","targetHints":{"allow":["GET"]}}],"collection":[{"href":"https:\/\/karabukcicek.com\/index.php?rest_route=\/wp\/v2\/product"}],"about":[{"href":"https:\/\/karabukcicek.com\/index.php?rest_route=\/wp\/v2\/types\/product"}],"replies":[{"embeddable":true,"href":"https:\/\/karabukcicek.com\/index.php?rest_route=%2Fwp%2Fv2%2Fcomments&post=7638"}],"wp:featuredmedia":[{"embeddable":true,"href":"https:\/\/karabukcicek.com\/index.php?rest_route=\/wp\/v2\/media\/7653"}],"wp:attachment":[{"href":"https:\/\/karabukcicek.com\/index.php?rest_route=%2Fwp%2Fv2%2Fmedia&parent=7638"}],"wp:term":[{"taxonomy":"product_brand","embeddable":true,"href":"https:\/\/karabukcicek.com\/index.php?rest_route=%2Fwp%2Fv2%2Fproduct_brand&post=7638"},{"taxonomy":"product_cat","embeddable":true,"href":"https:\/\/karabukcicek.com\/index.php?rest_route=%2Fwp%2Fv2%2Fproduct_cat&post=7638"},{"taxonomy":"product_tag","embeddable":true,"href":"https:\/\/karabukcicek.com\/index.php?rest_route=%2Fwp%2Fv2%2Fproduct_tag&post=7638"}],"curies":[{"name":"wp","href":"https:\/\/api.w.org\/{rel}","templated":true}]}}