{"id":7631,"date":"2025-11-08T14:14:32","date_gmt":"2025-11-08T11:14:32","guid":{"rendered":"https:\/\/karabukcicek.com\/index.php\/urun\/rengarenk-buket-tasarimi\/"},"modified":"2025-11-08T14:14:32","modified_gmt":"2025-11-08T11:14:32","slug":"rengarenk-buket-tasarimi","status":"publish","type":"product","link":"https:\/\/karabukcicek.com\/?product=rengarenk-buket-tasarimi","title":{"rendered":"Rengarenk buket tasar\u0131m\u0131"},"content":{"rendered":"<p>An\u0131lar\u0131n haf\u0131zas\u0131 at\u00f6lyemizde \u00f6zen ve sevgi ile haz\u0131rlanan muhte\u015fem bir buket<\/p>\n","protected":false},"excerpt":{"rendered":"<p>An\u0131lar\u0131n haf\u0131zas\u0131 at\u00f6lyemizde \u00f6zen ve sevgi ile haz\u0131rlanan muhte\u015fem bir buket<\/p>\n","protected":false},"featured_media":7629,"comment_status":"open","ping_status":"closed","template":"","meta":[],"product_brand":[],"product_cat":[70,80,68,71,73,72,75],"product_tag":[],"class_list":{"0":"post-7631","1":"product","2":"type-product","3":"status-publish","4":"has-post-thumbnail","6":"product_cat-butik-tasarimlar","7":"product_cat-cicek","8":"product_cat-dogum-gunu","9":"product_cat-firsat-urunleri","10":"product_cat-guller","11":"product_cat-ozur-dilerim","12":"product_cat-yeni-is-terfiye","14":"first","15":"instock","16":"taxable","17":"shipping-taxable","18":"purchasable","19":"product-type-simple"},"_links":{"self":[{"href":"https:\/\/karabukcicek.com\/index.php?rest_route=\/wp\/v2\/product\/7631","targetHints":{"allow":["GET"]}}],"collection":[{"href":"https:\/\/karabukcicek.com\/index.php?rest_route=\/wp\/v2\/product"}],"about":[{"href":"https:\/\/karabukcicek.com\/index.php?rest_route=\/wp\/v2\/types\/product"}],"replies":[{"embeddable":true,"href":"https:\/\/karabukcicek.com\/index.php?rest_route=%2Fwp%2Fv2%2Fcomments&post=7631"}],"wp:featuredmedia":[{"embeddable":true,"href":"https:\/\/karabukcicek.com\/index.php?rest_route=\/wp\/v2\/media\/7629"}],"wp:attachment":[{"href":"https:\/\/karabukcicek.com\/index.php?rest_route=%2Fwp%2Fv2%2Fmedia&parent=7631"}],"wp:term":[{"taxonomy":"product_brand","embeddable":true,"href":"https:\/\/karabukcicek.com\/index.php?rest_route=%2Fwp%2Fv2%2Fproduct_brand&post=7631"},{"taxonomy":"product_cat","embeddable":true,"href":"https:\/\/karabukcicek.com\/index.php?rest_route=%2Fwp%2Fv2%2Fproduct_cat&post=7631"},{"taxonomy":"product_tag","embeddable":true,"href":"https:\/\/karabukcicek.com\/index.php?rest_route=%2Fwp%2Fv2%2Fproduct_tag&post=7631"}],"curies":[{"name":"wp","href":"https:\/\/api.w.org\/{rel}","templated":true}]}}