{"id":7583,"date":"2025-10-17T14:07:30","date_gmt":"2025-10-17T11:07:30","guid":{"rendered":"https:\/\/ilkim.orionacreative.com\/?post_type=product&#038;p=7583"},"modified":"2025-10-26T17:34:37","modified_gmt":"2025-10-26T14:34:37","slug":"orchid-sensation","status":"publish","type":"product","link":"https:\/\/karabukcicek.com\/?product=orchid-sensation","title":{"rendered":"Orchid Sensation"},"content":{"rendered":"<h2>Orchid Sensation A\u00e7\u0131klama<br \/>\n<\/h2>\n<p>\u00dcr\u00fcn 4 dal olarak haz\u0131rlanmakta olup saks\u0131 renk ve modelleri de\u011fi\u015fkenlik g\u00f6sterebilir. \u00d6zel olarak isteklerinizi whatsapp hatt\u0131m\u0131zdan sipari\u015f kodu belirterek talep edebilirsiniz.<\/p>\n<div>Orchid Sensation Hakk\u0131nda Neler S\u00f6yleyebiliriz?\n<\/div>\n<p>Orchid Sensation floral Designers ekibimizin ahenkle beyaz orkideler ile \u00f6zel tasar\u0131m seramik i\u00e7erisinde d\u00fczenledi\u011fi bir \u00fcr\u00fcnd\u00fcr.<\/p>\n<p>Orchid Sensation i\u00e7erisinde bulundurdu\u011fu \u00e7ok fazla narin orkide \u00e7e\u015fidi bulunmaktad\u0131r. Sulama kontrol\u00fcn\u00fc \u00f6nemle d\u00fczenli bir \u015fekilde kontrol etmeniz gerekmektedir. Harika bir g\u00f6rsel olu\u015fturdu\u011fumuz bu \u00fcr\u00fcn\u00fcm\u00fcz bak\u0131m\u0131 d\u00fczenli yap\u0131ld\u0131\u011f\u0131 s\u00fcrece uzun bir g\u00fcne kadar taze kald\u0131\u011f\u0131n\u0131 g\u00f6zlemledi\u011fimiz olmu\u015ftur.<\/p>\n<p><strong>\u00dcr\u00fcn Boyutu<\/strong> : 50-60 cm civar\u0131d\u0131r<\/p>\n","protected":false},"excerpt":{"rendered":"<p>Orchid Sensation A\u00e7\u0131klama \u00dcr\u00fcn 4 dal olarak haz\u0131rlanmakta olup saks\u0131 renk ve modelleri de\u011fi\u015fkenlik g\u00f6sterebilir. \u00d6zel olarak isteklerinizi whatsapp hatt\u0131m\u0131zdan sipari\u015f kodu belirterek talep edebilirsiniz. Orchid Sensation Hakk\u0131nda Neler S\u00f6yleyebiliriz? Orchid Sensation floral Designers ekibimizin ahenkle beyaz orkideler ile \u00f6zel tasar\u0131m seramik i\u00e7erisinde d\u00fczenledi\u011fi bir \u00fcr\u00fcnd\u00fcr. Orchid Sensation i\u00e7erisinde bulundurdu\u011fu \u00e7ok fazla narin orkide \u00e7e\u015fidi bulunmaktad\u0131r. Sulama kontrol\u00fcn\u00fc \u00f6nemle d\u00fczenli\u2026<\/p>\n","protected":false},"featured_media":7585,"comment_status":"open","ping_status":"closed","template":"","meta":[],"product_brand":[],"product_cat":[15,74],"product_tag":[],"class_list":{"0":"post-7583","1":"product","2":"type-product","3":"status-publish","4":"has-post-thumbnail","6":"product_cat-genel","7":"product_cat-saksi-cicekleri","9":"first","10":"instock","11":"taxable","12":"shipping-taxable","13":"purchasable","14":"product-type-simple"},"_links":{"self":[{"href":"https:\/\/karabukcicek.com\/index.php?rest_route=\/wp\/v2\/product\/7583","targetHints":{"allow":["GET"]}}],"collection":[{"href":"https:\/\/karabukcicek.com\/index.php?rest_route=\/wp\/v2\/product"}],"about":[{"href":"https:\/\/karabukcicek.com\/index.php?rest_route=\/wp\/v2\/types\/product"}],"replies":[{"embeddable":true,"href":"https:\/\/karabukcicek.com\/index.php?rest_route=%2Fwp%2Fv2%2Fcomments&post=7583"}],"wp:featuredmedia":[{"embeddable":true,"href":"https:\/\/karabukcicek.com\/index.php?rest_route=\/wp\/v2\/media\/7585"}],"wp:attachment":[{"href":"https:\/\/karabukcicek.com\/index.php?rest_route=%2Fwp%2Fv2%2Fmedia&parent=7583"}],"wp:term":[{"taxonomy":"product_brand","embeddable":true,"href":"https:\/\/karabukcicek.com\/index.php?rest_route=%2Fwp%2Fv2%2Fproduct_brand&post=7583"},{"taxonomy":"product_cat","embeddable":true,"href":"https:\/\/karabukcicek.com\/index.php?rest_route=%2Fwp%2Fv2%2Fproduct_cat&post=7583"},{"taxonomy":"product_tag","embeddable":true,"href":"https:\/\/karabukcicek.com\/index.php?rest_route=%2Fwp%2Fv2%2Fproduct_tag&post=7583"}],"curies":[{"name":"wp","href":"https:\/\/api.w.org\/{rel}","templated":true}]}}