{"id":7574,"date":"2025-10-17T13:53:28","date_gmt":"2025-10-17T10:53:28","guid":{"rendered":"https:\/\/ilkim.orionacreative.com\/?post_type=product&#038;p=7574"},"modified":"2026-01-31T10:39:29","modified_gmt":"2026-01-31T07:39:29","slug":"colun-asil-isigi-2li-yukka-bitkisi","status":"publish","type":"product","link":"https:\/\/karabukcicek.com\/?product=colun-asil-isigi-2li-yukka-bitkisi","title":{"rendered":"\u00c7\u00f6l\u00fcn Asil I\u015f\u0131\u011f\u0131 2li Yukka Bitkisi"},"content":{"rendered":"<h2>\u00c7\u00f6l\u00fcn Asil I\u015f\u0131\u011f\u0131 2li Yukka Bitkisi A\u00e7\u0131klama<\/h2>\n<p><b>Do\u011fan\u0131n Zarif Dokunu\u015fu: \u00c7\u00f6l\u00fcn Asil I\u015f\u0131\u011f\u0131-2&#8217;li Yukka Bitkisi<\/b><\/p>\n<p>Evinizin ya da ofisinizin atmosferini canland\u0131rman\u0131n zarif ve do\u011fal bir yolu. Bu \u00f6zel Yukka Salon Bitkisi, uzun ve yemye\u015fil yapraklar\u0131yla ferah bir hava yarat\u0131r. Sevdiklerinize do\u011fan\u0131n huzurunu ve dinginli\u011fini sunmak i\u00e7in m\u00fckemmel bir hediye olan \u00c7\u00f6l\u00fcn Asil I\u015f\u0131\u011f\u0131-2&#8217;li Yukka Bitkisi ya\u015fam alanlar\u0131n\u0131za taze bir nefes katacak.<\/p>\n<p><b>\u00dcr\u00fcn \u00d6zellikleri:<\/b><\/p>\n<p>\u2022\u00a0<b>Boyu\/Y\u00fcksekli\u011fi:<\/b>\u00a0100-110\u00a0cm<\/p>\n<p>\u2022\u00a0<b>Bitki T\u00fcr\u00fc:<\/b>\u00a02 li Yucca<\/p>\n<p>\u2022\u00a0<b>D\u00fczenleme:<\/b>\u00a0Saks\u0131 bitkisi ve uzun \u00f6m\u00fcrl\u00fc bitki grubundad\u0131r.<\/p>\n<p><b>Bak\u0131m Talimatlar\u0131:<\/b>\u00a0\u00c7\u00f6l\u00fcn Asil I\u015f\u0131\u011f\u0131-2&#8217;li Yukka Bitkisi uzun s\u00fcre sa\u011fl\u0131kl\u0131 ve canl\u0131 tutmak i\u00e7in \u015fu ad\u0131mlar\u0131 izleyebilirsiniz:<\/p>\n<p>Yukka\u00a0bitkiniz, en iyi \u015fekilde korunmas\u0131 i\u00e7in \u00f6zel olarak paketlenir ve \u00f6zenle haz\u0131rlanarak en k\u0131sa s\u00fcrede teslim edilir. Bitkinin yapraklar\u0131n\u0131n canl\u0131l\u0131\u011f\u0131n\u0131 korumas\u0131 i\u00e7in nemli ortamlar\u0131 sever ve do\u011frudan g\u00fcne\u015f \u0131\u015f\u0131\u011f\u0131ndan uzak tutulmal\u0131d\u0131r. Haftada bir kez topra\u011f\u0131 kontrol ederek, ihtiya\u00e7 duydu\u011funda sulayabilirsiniz. Fazla sulamaktan ka\u00e7\u0131n\u0131n.<\/p>\n<p>Sevdi\u011finiz ki\u015filere do\u011fan\u0131n zarafetini ve huzurunu getiren \u00c7\u00f6l\u00fcn Asil I\u015f\u0131\u011f\u0131-2&#8217;li Yukka Bitkisi ile onlar\u0131 mutlu edin. Bu do\u011fal hediye, bulundu\u011fu her ortamda ferahlat\u0131c\u0131 bir etki yaratacakt\u0131r.<\/p>\n","protected":false},"excerpt":{"rendered":"<p>\u00c7\u00f6l\u00fcn Asil I\u015f\u0131\u011f\u0131 2li Yukka Bitkisi A\u00e7\u0131klama Do\u011fan\u0131n Zarif Dokunu\u015fu: \u00c7\u00f6l\u00fcn Asil I\u015f\u0131\u011f\u0131-2&#8217;li Yukka Bitkisi Evinizin ya da ofisinizin atmosferini canland\u0131rman\u0131n zarif ve do\u011fal bir yolu. Bu \u00f6zel Yukka Salon Bitkisi, uzun ve yemye\u015fil yapraklar\u0131yla ferah bir hava yarat\u0131r. Sevdiklerinize do\u011fan\u0131n huzurunu ve dinginli\u011fini sunmak i\u00e7in m\u00fckemmel bir hediye olan \u00c7\u00f6l\u00fcn Asil I\u015f\u0131\u011f\u0131-2&#8217;li Yukka Bitkisi ya\u015fam alanlar\u0131n\u0131za taze bir nefes\u2026<\/p>\n","protected":false},"featured_media":7575,"comment_status":"open","ping_status":"closed","template":"","meta":[],"product_brand":[],"product_cat":[15,74],"product_tag":[],"class_list":{"0":"post-7574","1":"product","2":"type-product","3":"status-publish","4":"has-post-thumbnail","6":"product_cat-genel","7":"product_cat-saksi-cicekleri","9":"first","10":"instock","11":"taxable","12":"shipping-taxable","13":"purchasable","14":"product-type-simple"},"_links":{"self":[{"href":"https:\/\/karabukcicek.com\/index.php?rest_route=\/wp\/v2\/product\/7574","targetHints":{"allow":["GET"]}}],"collection":[{"href":"https:\/\/karabukcicek.com\/index.php?rest_route=\/wp\/v2\/product"}],"about":[{"href":"https:\/\/karabukcicek.com\/index.php?rest_route=\/wp\/v2\/types\/product"}],"replies":[{"embeddable":true,"href":"https:\/\/karabukcicek.com\/index.php?rest_route=%2Fwp%2Fv2%2Fcomments&post=7574"}],"wp:featuredmedia":[{"embeddable":true,"href":"https:\/\/karabukcicek.com\/index.php?rest_route=\/wp\/v2\/media\/7575"}],"wp:attachment":[{"href":"https:\/\/karabukcicek.com\/index.php?rest_route=%2Fwp%2Fv2%2Fmedia&parent=7574"}],"wp:term":[{"taxonomy":"product_brand","embeddable":true,"href":"https:\/\/karabukcicek.com\/index.php?rest_route=%2Fwp%2Fv2%2Fproduct_brand&post=7574"},{"taxonomy":"product_cat","embeddable":true,"href":"https:\/\/karabukcicek.com\/index.php?rest_route=%2Fwp%2Fv2%2Fproduct_cat&post=7574"},{"taxonomy":"product_tag","embeddable":true,"href":"https:\/\/karabukcicek.com\/index.php?rest_route=%2Fwp%2Fv2%2Fproduct_tag&post=7574"}],"curies":[{"name":"wp","href":"https:\/\/api.w.org\/{rel}","templated":true}]}}