{"id":7548,"date":"2025-10-17T13:01:49","date_gmt":"2025-10-17T10:01:49","guid":{"rendered":"https:\/\/ilkim.orionacreative.com\/?post_type=product&#038;p=7548"},"modified":"2026-01-31T10:40:16","modified_gmt":"2026-01-31T07:40:16","slug":"amber-flame-orkide","status":"publish","type":"product","link":"https:\/\/karabukcicek.com\/?product=amber-flame-orkide","title":{"rendered":"Amber Flame Orkide"},"content":{"rendered":"<h2>Amber Flame Orkide A\u00e7\u0131klama<\/h2>\n<p data-pm-slice=\"1 1 []\">Amber Flame Orkide, g\u00f6z al\u0131c\u0131 sar\u0131-turuncu tonlar\u0131 ve zarif yap\u0131s\u0131yla dikkat \u00e7ekiyor. \u0130ki dal \u00fczerinde a\u00e7an yo\u011fun \u00e7i\u00e7ekleri, parlak turuncu ambalaj\u0131, do\u011fal kurdele detay\u0131 ve dekoratif kuru meyve aksesuarlar\u0131yla birle\u015ferek modern ve \u015f\u0131k bir tasar\u0131m sunuyor. Enerjisi y\u00fcksek bu \u00f6zel aranjman, sevdiklerinize hem \u015f\u0131kl\u0131k hem de zarafet dolu bir hediye alternatifi olacakt\u0131r.<\/p>\n<p data-pm-slice=\"1 1 []\">Yurt d\u0131\u015f\u0131 tedari\u011finden kaynakl\u0131 olarak renk tonlar\u0131nda zaman zaman a\u00e7\u0131kl\u0131k veya koyuluk g\u00f6r\u00fclebilir. Ayr\u0131ca kandil say\u0131lar\u0131nda az ya da fazla olabilmektedir.<\/p>\n<p>Orkide, sevginin, zarafetin ve asaletin simgesidir. Bak\u0131m\u0131 olduk\u00e7a kolayd\u0131r: Direkt g\u00fcne\u015f \u0131\u015f\u0131\u011f\u0131 almayan, ayd\u0131nl\u0131k bir ortamda konumland\u0131r\u0131ld\u0131\u011f\u0131nda uzun s\u00fcre taze kal\u0131r ve \u00e7i\u00e7ek a\u00e7maya devam eder. Haftada bir kez sulama yap\u0131lmas\u0131, suyun k\u00f6klerde bekletilmemesi ve nemli bir ortamda bulundurulmas\u0131 orkidenizin uzun \u00f6m\u00fcrl\u00fc olmas\u0131n\u0131 sa\u011flar.<\/p>\n<p>Amber Flame Orkide; do\u011fum g\u00fcn\u00fc, sevgililer g\u00fcn\u00fc, y\u0131ld\u00f6n\u00fcm\u00fc, yeni i\u015f veya terfi tebri\u011fi gibi \u00f6zel g\u00fcnlerde unutulmaz bir hediye alternatifi sunar. Ayr\u0131ca ev ve ofis dekorasyonunda zarif bir aksesuar olarak kullan\u0131labilir, bulundu\u011fu ortama s\u0131cakl\u0131k ve pozitif enerji katar.<\/p>\n<p>Sevdiklerinize kal\u0131c\u0131 bir mutluluk arma\u011fan etmek i\u00e7in haz\u0131rlanan bu \u00f6zel orkide aranjman\u0131, zarafeti ve enerjik duru\u015fuyla en do\u011fru se\u00e7imlerden biridir.<\/p>\n","protected":false},"excerpt":{"rendered":"<p>Amber Flame Orkide A\u00e7\u0131klama Amber Flame Orkide, g\u00f6z al\u0131c\u0131 sar\u0131-turuncu tonlar\u0131 ve zarif yap\u0131s\u0131yla dikkat \u00e7ekiyor. \u0130ki dal \u00fczerinde a\u00e7an yo\u011fun \u00e7i\u00e7ekleri, parlak turuncu ambalaj\u0131, do\u011fal kurdele detay\u0131 ve dekoratif kuru meyve aksesuarlar\u0131yla birle\u015ferek modern ve \u015f\u0131k bir tasar\u0131m sunuyor. Enerjisi y\u00fcksek bu \u00f6zel aranjman, sevdiklerinize hem \u015f\u0131kl\u0131k hem de zarafet dolu bir hediye alternatifi olacakt\u0131r. Yurt d\u0131\u015f\u0131 tedari\u011finden kaynakl\u0131\u2026<\/p>\n","protected":false},"featured_media":7549,"comment_status":"open","ping_status":"closed","template":"","meta":[],"product_brand":[],"product_cat":[15,69,74],"product_tag":[],"class_list":{"0":"post-7548","1":"product","2":"type-product","3":"status-publish","4":"has-post-thumbnail","6":"product_cat-genel","7":"product_cat-orkide","8":"product_cat-saksi-cicekleri","10":"first","11":"instock","12":"taxable","13":"shipping-taxable","14":"purchasable","15":"product-type-simple"},"_links":{"self":[{"href":"https:\/\/karabukcicek.com\/index.php?rest_route=\/wp\/v2\/product\/7548","targetHints":{"allow":["GET"]}}],"collection":[{"href":"https:\/\/karabukcicek.com\/index.php?rest_route=\/wp\/v2\/product"}],"about":[{"href":"https:\/\/karabukcicek.com\/index.php?rest_route=\/wp\/v2\/types\/product"}],"replies":[{"embeddable":true,"href":"https:\/\/karabukcicek.com\/index.php?rest_route=%2Fwp%2Fv2%2Fcomments&post=7548"}],"wp:featuredmedia":[{"embeddable":true,"href":"https:\/\/karabukcicek.com\/index.php?rest_route=\/wp\/v2\/media\/7549"}],"wp:attachment":[{"href":"https:\/\/karabukcicek.com\/index.php?rest_route=%2Fwp%2Fv2%2Fmedia&parent=7548"}],"wp:term":[{"taxonomy":"product_brand","embeddable":true,"href":"https:\/\/karabukcicek.com\/index.php?rest_route=%2Fwp%2Fv2%2Fproduct_brand&post=7548"},{"taxonomy":"product_cat","embeddable":true,"href":"https:\/\/karabukcicek.com\/index.php?rest_route=%2Fwp%2Fv2%2Fproduct_cat&post=7548"},{"taxonomy":"product_tag","embeddable":true,"href":"https:\/\/karabukcicek.com\/index.php?rest_route=%2Fwp%2Fv2%2Fproduct_tag&post=7548"}],"curies":[{"name":"wp","href":"https:\/\/api.w.org\/{rel}","templated":true}]}}