{"id":7537,"date":"2025-10-17T12:25:48","date_gmt":"2025-10-17T09:25:48","guid":{"rendered":"https:\/\/ilkim.orionacreative.com\/?post_type=product&#038;p=7537"},"modified":"2026-01-31T10:41:58","modified_gmt":"2026-01-31T07:41:58","slug":"poshy-saksi-antoryum-cicegi","status":"publish","type":"product","link":"https:\/\/karabukcicek.com\/?product=poshy-saksi-antoryum-cicegi","title":{"rendered":"Poshy Saks\u0131 Antoryum \u00c7i\u00e7e\u011fi"},"content":{"rendered":"<h2>Poshy Saks\u0131 Antoryum \u00c7i\u00e7e\u011fi A\u00e7\u0131klama<\/h2>\n<p><strong>Poshy Saks\u0131 Antoryum \u00c7i\u00e7e\u011fi<\/strong><\/p>\n<p>Sevginizi en i\u00e7ten \u015fekilde ifade etmenin zarif bir yolu. Sevdiklerinize a\u015fk\u0131n\u0131z\u0131, hayranl\u0131\u011f\u0131n\u0131z\u0131 ve \u015fefkatinizi g\u00f6stermek i\u00e7in m\u00fckemmel bir hediye olan Poshy Saks\u0131 Antoryum \u00c7i\u00e7e\u011fi, \u00f6zel g\u00fcnlerde ya da s\u0131radan bir g\u00fcn\u00fc unutulmaz k\u0131lmak i\u00e7in idealdir.<\/p>\n<p><b>\u00dcr\u00fcn \u00d6zellikleri:<\/b><\/p>\n<p>\u2022\u00a0<b>Boyu\/Y\u00fcksekli\u011fi:\u00a0<\/b>40-45\u00a0cm<\/p>\n<p>\u2022\u00a0<b>\u00c7i\u00e7ek T\u00fcr\u00fc:<\/b>\u00a0K\u0131rm\u0131z\u0131 Antoryum<\/p>\n<p>\u2022\u00a0<b>D\u00fczenleme:<\/b>\u00a0Orjinal saks\u0131ya ambalaj yap\u0131larak haz\u0131rlanmaktad\u0131r.<\/p>\n<p><b>Bak\u0131m Talimatlar\u0131:<\/b><\/p>\n<p>Poshy Saks\u0131 Antoryum \u00c7i\u00e7e\u011fi&#8217;ni\u00a0en iyi \u015fekilde korumak i\u00e7in a\u015fa\u011f\u0131daki ad\u0131mlar\u0131 izleyebilirsiniz<\/p>\n<ul>\n<li>Poshy Saks\u0131 Antoryum \u00c7i\u00e7e\u011fi, en iyi \u015fekilde \u00f6zenle haz\u0131rlanarak sevdiklerinize en k\u0131sa s\u00fcrede teslim edilir. Bitkinin uzun s\u00fcre canl\u0131 kalabilmesi i\u00e7in\u00a0serin bir ortamda ve do\u011frudan g\u00fcne\u015f \u0131\u015f\u0131\u011f\u0131ndan uzak tutman\u0131z\u0131 \u00f6neririz.<\/li>\n<\/ul>\n<p>Sevdi\u011finize olan duygular\u0131n\u0131z\u0131 en zarif ve anlaml\u0131 \u015fekilde ifade etmek i\u00e7in Poshy Saks\u0131 Antoryum \u00c7i\u00e7e\u011fi \u00c7i\u00e7e\u011fi m\u00fckemmel bir se\u00e7imdir. Kalpten gelen bu \u00f6zel hediye ile onlar\u0131n y\u00fcz\u00fcnde unutulmaz bir g\u00fcl\u00fcmseme yarat\u0131n.<\/p>\n","protected":false},"excerpt":{"rendered":"<p>Poshy Saks\u0131 Antoryum \u00c7i\u00e7e\u011fi A\u00e7\u0131klama Poshy Saks\u0131 Antoryum \u00c7i\u00e7e\u011fi Sevginizi en i\u00e7ten \u015fekilde ifade etmenin zarif bir yolu. Sevdiklerinize a\u015fk\u0131n\u0131z\u0131, hayranl\u0131\u011f\u0131n\u0131z\u0131 ve \u015fefkatinizi g\u00f6stermek i\u00e7in m\u00fckemmel bir hediye olan Poshy Saks\u0131 Antoryum \u00c7i\u00e7e\u011fi, \u00f6zel g\u00fcnlerde ya da s\u0131radan bir g\u00fcn\u00fc unutulmaz k\u0131lmak i\u00e7in idealdir. \u00dcr\u00fcn \u00d6zellikleri: \u2022\u00a0Boyu\/Y\u00fcksekli\u011fi:\u00a040-45\u00a0cm \u2022\u00a0\u00c7i\u00e7ek T\u00fcr\u00fc:\u00a0K\u0131rm\u0131z\u0131 Antoryum \u2022\u00a0D\u00fczenleme:\u00a0Orjinal saks\u0131ya ambalaj yap\u0131larak haz\u0131rlanmaktad\u0131r. Bak\u0131m Talimatlar\u0131: Poshy Saks\u0131 Antoryum\u2026<\/p>\n","protected":false},"featured_media":7538,"comment_status":"open","ping_status":"closed","template":"","meta":[],"product_brand":[],"product_cat":[15,74],"product_tag":[],"class_list":{"0":"post-7537","1":"product","2":"type-product","3":"status-publish","4":"has-post-thumbnail","6":"product_cat-genel","7":"product_cat-saksi-cicekleri","9":"first","10":"instock","11":"taxable","12":"shipping-taxable","13":"purchasable","14":"product-type-simple"},"_links":{"self":[{"href":"https:\/\/karabukcicek.com\/index.php?rest_route=\/wp\/v2\/product\/7537","targetHints":{"allow":["GET"]}}],"collection":[{"href":"https:\/\/karabukcicek.com\/index.php?rest_route=\/wp\/v2\/product"}],"about":[{"href":"https:\/\/karabukcicek.com\/index.php?rest_route=\/wp\/v2\/types\/product"}],"replies":[{"embeddable":true,"href":"https:\/\/karabukcicek.com\/index.php?rest_route=%2Fwp%2Fv2%2Fcomments&post=7537"}],"wp:featuredmedia":[{"embeddable":true,"href":"https:\/\/karabukcicek.com\/index.php?rest_route=\/wp\/v2\/media\/7538"}],"wp:attachment":[{"href":"https:\/\/karabukcicek.com\/index.php?rest_route=%2Fwp%2Fv2%2Fmedia&parent=7537"}],"wp:term":[{"taxonomy":"product_brand","embeddable":true,"href":"https:\/\/karabukcicek.com\/index.php?rest_route=%2Fwp%2Fv2%2Fproduct_brand&post=7537"},{"taxonomy":"product_cat","embeddable":true,"href":"https:\/\/karabukcicek.com\/index.php?rest_route=%2Fwp%2Fv2%2Fproduct_cat&post=7537"},{"taxonomy":"product_tag","embeddable":true,"href":"https:\/\/karabukcicek.com\/index.php?rest_route=%2Fwp%2Fv2%2Fproduct_tag&post=7537"}],"curies":[{"name":"wp","href":"https:\/\/api.w.org\/{rel}","templated":true}]}}