{"id":7500,"date":"2025-10-01T11:38:27","date_gmt":"2025-10-01T08:38:27","guid":{"rendered":"https:\/\/ilkim.orionacreative.com\/?post_type=product&#038;p=7500"},"modified":"2026-01-31T10:44:48","modified_gmt":"2026-01-31T07:44:48","slug":"2-dal-mavi-orkide-zarafetin-simgesi","status":"publish","type":"product","link":"https:\/\/karabukcicek.com\/?product=2-dal-mavi-orkide-zarafetin-simgesi","title":{"rendered":"2 Dal Mavi Orkide Zarafetin Simgesi"},"content":{"rendered":"<p>\u00dcr\u00fcn Boyutu Saks\u0131 Dahil : 55-60cm<\/p>\n<p>&#8221; Canl\u0131 Bitki Oldu\u011fu \u0130\u00e7in \u00d6l\u00e7\u00fcleri\u00a0De\u011fi\u015fiklik G\u00f6sterebilir &#8221;<\/p>\n<p>&#8220;Zarafetin Simgesi 2 Dal Mavi Orkide, en saf duygular\u0131n\u0131z\u0131 kar\u015f\u0131 tarafa anlatman\u0131z ve hissettirmeniz i\u00e7in haz\u0131rland\u0131. 2 dal beyaz saks\u0131 orkideden seramikte olu\u015fan \u00e7i\u00e7ek aranjman\u0131, \u00f6zel g\u00fcnlerde sevdiklerinize hediye g\u00f6ndermek i\u00e7in uygun oldu\u011fu gibi ayn\u0131 zamanda s\u0131radan bir g\u00fcn\u00fc unutulmaz yapman\u0131z i\u00e7in de ideal bir se\u00e7im. Do\u011fum g\u00fcn\u00fc hediyesi, yeni i\u015f hediyesi ve y\u0131l d\u00f6n\u00fcm\u00fc hediyesi i\u00e7in siz de sevdiklerinize orkide \u00e7i\u00e7e\u011fi sipari\u015fi verebilirsiniz.<\/p>\n","protected":false},"excerpt":{"rendered":"<p>\u00dcr\u00fcn Boyutu Saks\u0131 Dahil : 55-60cm &#8221; Canl\u0131 Bitki Oldu\u011fu \u0130\u00e7in \u00d6l\u00e7\u00fcleri\u00a0De\u011fi\u015fiklik G\u00f6sterebilir &#8221; &#8220;Zarafetin Simgesi 2 Dal Mavi Orkide, en saf duygular\u0131n\u0131z\u0131 kar\u015f\u0131 tarafa anlatman\u0131z ve hissettirmeniz i\u00e7in haz\u0131rland\u0131. 2 dal beyaz saks\u0131 orkideden seramikte olu\u015fan \u00e7i\u00e7ek aranjman\u0131, \u00f6zel g\u00fcnlerde sevdiklerinize hediye g\u00f6ndermek i\u00e7in uygun oldu\u011fu gibi ayn\u0131 zamanda s\u0131radan bir g\u00fcn\u00fc unutulmaz yapman\u0131z i\u00e7in de ideal bir se\u00e7im.\u2026<\/p>\n","protected":false},"featured_media":7501,"comment_status":"open","ping_status":"closed","template":"","meta":[],"product_brand":[],"product_cat":[15,69],"product_tag":[],"class_list":{"0":"post-7500","1":"product","2":"type-product","3":"status-publish","4":"has-post-thumbnail","6":"product_cat-genel","7":"product_cat-orkide","9":"first","10":"instock","11":"taxable","12":"shipping-taxable","13":"purchasable","14":"product-type-simple"},"_links":{"self":[{"href":"https:\/\/karabukcicek.com\/index.php?rest_route=\/wp\/v2\/product\/7500","targetHints":{"allow":["GET"]}}],"collection":[{"href":"https:\/\/karabukcicek.com\/index.php?rest_route=\/wp\/v2\/product"}],"about":[{"href":"https:\/\/karabukcicek.com\/index.php?rest_route=\/wp\/v2\/types\/product"}],"replies":[{"embeddable":true,"href":"https:\/\/karabukcicek.com\/index.php?rest_route=%2Fwp%2Fv2%2Fcomments&post=7500"}],"wp:featuredmedia":[{"embeddable":true,"href":"https:\/\/karabukcicek.com\/index.php?rest_route=\/wp\/v2\/media\/7501"}],"wp:attachment":[{"href":"https:\/\/karabukcicek.com\/index.php?rest_route=%2Fwp%2Fv2%2Fmedia&parent=7500"}],"wp:term":[{"taxonomy":"product_brand","embeddable":true,"href":"https:\/\/karabukcicek.com\/index.php?rest_route=%2Fwp%2Fv2%2Fproduct_brand&post=7500"},{"taxonomy":"product_cat","embeddable":true,"href":"https:\/\/karabukcicek.com\/index.php?rest_route=%2Fwp%2Fv2%2Fproduct_cat&post=7500"},{"taxonomy":"product_tag","embeddable":true,"href":"https:\/\/karabukcicek.com\/index.php?rest_route=%2Fwp%2Fv2%2Fproduct_tag&post=7500"}],"curies":[{"name":"wp","href":"https:\/\/api.w.org\/{rel}","templated":true}]}}